{"id":16240,"date":"2024-01-25T05:37:01","date_gmt":"2024-01-25T05:37:01","guid":{"rendered":"https:\/\/arkypet.com\/?post_type=product&#038;p=16240"},"modified":"2024-01-31T20:17:55","modified_gmt":"2024-01-31T20:17:55","slug":"enterizos-imperemeables-viajeros","status":"publish","type":"product","link":"https:\/\/arkypet.com\/index.php\/product\/enterizos-imperemeables-viajeros\/","title":{"rendered":"ENTERIZOS VIAJEROS"},"content":{"rendered":"<p>Nuestro dise\u00f1o de 4 patas proporciona una protecci\u00f3n completa a nuestros peludito ya que evita que se mojen o salpique las patas y el pecho, es c\u00f3modo, f\u00e1cil de quitar y de poner , se puede lavar en m\u00e1quina. No llevar a la secadora<\/p>\n","protected":false},"excerpt":{"rendered":"<div><\/div>\n<p>Nuestro dise\u00f1o de 4 patas proporciona una protecci\u00f3n completa a nuestros peludito ya que evita que se mojen o salpique las patas y el pecho, es c\u00f3modo, f\u00e1cil de quitar y de poner , se puede lavar en m\u00e1quina. No llevar a la secadora<\/p>\n","protected":false},"featured_media":16241,"template":"","meta":[],"product_cat":[53],"product_tag":[],"class_list":{"0":"post-16240","1":"product","2":"type-product","3":"status-publish","4":"has-post-thumbnail","6":"product_cat-accesorios","8":"first","9":"instock","10":"shipping-taxable","11":"purchasable","12":"product-type-variable"},"_links":{"self":[{"href":"https:\/\/arkypet.com\/index.php\/wp-json\/wp\/v2\/product\/16240","targetHints":{"allow":["GET"]}}],"collection":[{"href":"https:\/\/arkypet.com\/index.php\/wp-json\/wp\/v2\/product"}],"about":[{"href":"https:\/\/arkypet.com\/index.php\/wp-json\/wp\/v2\/types\/product"}],"version-history":[{"count":3,"href":"https:\/\/arkypet.com\/index.php\/wp-json\/wp\/v2\/product\/16240\/revisions"}],"predecessor-version":[{"id":16279,"href":"https:\/\/arkypet.com\/index.php\/wp-json\/wp\/v2\/product\/16240\/revisions\/16279"}],"wp:featuredmedia":[{"embeddable":true,"href":"https:\/\/arkypet.com\/index.php\/wp-json\/wp\/v2\/media\/16241"}],"wp:attachment":[{"href":"https:\/\/arkypet.com\/index.php\/wp-json\/wp\/v2\/media?parent=16240"}],"wp:term":[{"taxonomy":"product_cat","embeddable":true,"href":"https:\/\/arkypet.com\/index.php\/wp-json\/wp\/v2\/product_cat?post=16240"},{"taxonomy":"product_tag","embeddable":true,"href":"https:\/\/arkypet.com\/index.php\/wp-json\/wp\/v2\/product_tag?post=16240"}],"curies":[{"name":"wp","href":"https:\/\/api.w.org\/{rel}","templated":true}]}}